3 = w. What is the units digit of h?
4
Let u be ((-96)/(-5))/((-18)/(-60)). Let q = -19 + u. Suppose 2*d - 3 - q = 0. What is the tens digit of d?
2
Suppose p + p = 0. Suppose -5*g - 134 = -o, p = -5*o + 12 + 8. Let t = 62 + g. What is the tens digit of t?
3
Let i(w) = 45*w + 36. What is the tens digit of i(21)?
8
What is the units digit of (-19845)/(-90)*(-288)/(-14)*1?
6
Let p(x) = -4*x**2 - 7*x - 5. Let l be p(-4). Let t be (l - -1)*(11 - 10). What is the tens digit of (t/(-6))/(3/9)?
2
Let u be 2 + (1 - 2) + 5. Let n(b) = 10*b - 3. Let w be n(u). What is the tens digit of w*(16/6 - 2)?
3
Let n be 1/(-5) + (-52)/(-10). Suppose 145 = -3*r + n*j, r - 6 + 59 = -3*j. Let x = -26 - r. What is the tens digit of x?
2
Let o(i) = 3*i**2 + 14*i - 3. What is the units digit of o(-12)?
1
Let x = 47 - 83. Let t = 18 + x. What is the tens digit of (3 + -1 - t) + 3?
2
Let w(c) = -c**3 + 6*c**2 + 2*c - 9. Let b(j) = j**3 - 10*j**2 + 7*j + 12. Let n be b(9). Let u = n + 12. What is the units digit of w(u)?
3
Let w(p) = 12*p + 2. Let n be w(1). Suppose 0 = -5*o - 2*v + 119, -4*o = -4*v - n - 98. What is the tens digit of o?
2
Suppose -6*k + 39 - 15 = 0. Suppose o + 512 = k*n, -2*n + 262 = -2*o + 3*o. What is the hundreds digit of n?
1
Suppose -1608 = -59*f + 53*f. What is the units digit of f?
8
Let d = -29 - -34. Suppose -d*o - 3*m + 81 = -2*o, -5*m + 57 = 2*o. Suppose 0 = -o*a + 24*a + 140. What is the units digit of a?
0
Suppose -35615 - 589 = -21*v. What is the thousands digit of v?
1
Suppose 59*l = 48*l + 17710. What is the hundreds digit of l?
6
Let l = 6354 + -3156. What is the tens digit of l?
9
Suppose -9 = -2*o + 487. What is the hundreds digit of o?
2
Suppose -2*u = u - 42. Suppose 4*k - u = -w - 0*w, -2*w + 76 = -4*k. What is the tens digit of w?
3
Let i(m) = 200*m - 18. What is the units digit of i(2)?
2
Let k = -82 - -1505. What is the hundreds digit of k?
4
Suppose 6 = 4*z - 2. Suppose -4*y - 20 + 0 = -z*l, 3*l - 2*y = 18. Suppose -h - l*h + 20 = 0. What is the units digit of h?
4
Let o(r) = -2*r**2 + 3*r + 2. Let z be o(-1). Let h be 16/(-7 - z) - 10. What is the tens digit of 592/14 - (-4)/h?
4
Let o(v) = -3*v**3 + 17*v**2 - 18*v + 39. Let x(c) = -2*c**3 + 9*c**2 - 9*c + 19. Let f(m) = -3*o(m) + 5*x(m). What is the units digit of f(-9)?
0
Let b = -51 - -109. What is the units digit of (-20)/(-40) - b/(-4)?
5
Suppose 3*q - 2896 = -2*u, -984 = -7*q + 6*q + 4*u. What is the hundreds digit of q?
9
What is the units digit of (256/(-96))/(2/(-1506))?
8
Let t be 4/(-2) + (-5 - -4). Let q be (-16)/t - (-2)/3. Suppose 7*o - 21 = q*o. What is the tens digit of o?
2
Let v(b) = 5*b**2 - 8*b + 16. Suppose 2*x - 7*x + 20 = 5*f, x - 2*f = 7. What is the hundreds digit of v(x)?
1
Let g = -30 - -34. Suppose 412 = 3*k + 2*s, -k = -g*k - 5*s + 409. What is the tens digit of k?
3
Let g(t) = -5*t + 2. Let o be 2/(-2)*(-3 - 0). Suppose -15 = o*v + 2*v. What is the tens digit of g(v)?
1
Suppose 0 = -3*d + n + 276 + 80, d + 2*n - 121 = 0. What is the units digit of ((-28)/98)/((-1)/d)?
4
Let u = 13 + -17. Let p be (-56)/7*(-2)/u. Let v = p + 8. What is the units digit of v?
4
Let p = -9 + 13. Suppose -8 = p*j + 12. What is the units digit of (-240)/18*6/j?
6
What is the units digit of 348/2610 - 2713/(-15)?
1
Suppose -4*j = 3*y - 0*y - 2636, -5*y + 4402 = -2*j. What is the tens digit of (12/5)/3*y/22?
3
What is the units digit of 3206/16 + 30/(-80)?
0
Let o(f) = f**2 - 55*f - 406. What is the hundreds digit of o(-29)?
0
Let b(s) be the second derivative of -s**3/6 + 4*s**2 + 3*s. Let g be b(6). Suppose 4*c + 4*j - j - 24 = 0, g*c = 5*j + 38. What is the units digit of c?
9
Let h(f) = 32*f**2. Let k be h(-2). Let r(t) = -4*t**2 - 2*t. Let z be r(1). What is the units digit of k/z*(-18)/12?
2
What is the tens digit of 9/(255/(-135) - (-2 + 0))?
8
Suppose -4*b + 12 = -b. Suppose 2*q + 5*y - 10 = 0, -3*q = -8*q + b*y + 25. Let x = -4 + q. What is the units digit of x?
1
Let n(f) be the second derivative of f**3/6 + 25*f**2/2 + 28*f. What is the units digit of n(12)?
7
Let y = 590 + -24. What is the hundreds digit of y?
5
Let i be (1 + -17)*1*1. What is the units digit of i/(-40) - 3/(-5)?
1
Suppose 0 = -3*r - 5*r + 32. Suppose 8 = t + r. What is the units digit of t?
4
Suppose 2184 = 2*o - 2*b, -2*o + 3*o = -3*b + 1112. What is the hundreds digit of o?
0
Let f(y) = 8*y + 154. Let w(o) = -o**3 - 19*o**2 + 43*o + 21. Let q be w(-21). What is the hundreds digit of f(q)?
1
Let r(k) be the first derivative of -k**2/2 + 73*k - 5. What is the tens digit of r(0)?
7
Suppose 1619 = -2*f + 5*j - 322, -3*j = 3*f + 2922. Let h = -623 - f. What is the hundreds digit of h?
3
Suppose 8*b + 6 = 22. Suppose -5*v - 2 = -3*v, b*v = g - 12. What is the tens digit of g?
1
Let k(o) be the second derivative of 0 - 1/6*o**3 - 19/20*o**5 + 0*o**2 - 4*o - 1/12*o**4. What is the tens digit of k(-1)?
1
Let y(j) = -j**3 - 5*j**2 - j + 10. Let l be (-2 - -2) + 1 + 32. Suppose 5*b + l - 8 = 0. What is the tens digit of y(b)?
1
What is the tens digit of 14/84*21048/4?
7
What is the units digit of 10*((-1464)/(-20) + -1 + -5)?
2
Let l be 1/(-3) - (-692)/6. Suppose 7*n + 195 = 3*n - 3*d, 2*n + 5*d = -l. Let y = -24 - n. What is the tens digit of y?
2
Let b = -1 + 1. Let o be b + 3/(-3) + 1. Suppose -4*g - 28 = -2*n, o = -5*n - 2*g + 25 + 45. What is the units digit of n?
4
Suppose -3*g = 1121 - 3740. Let h = 609 - g. What is the tens digit of 6/(-15) + h/(-10)?
2
Let m(v) = -49*v**3 + 3*v**2 + 2*v + 3. What is the hundreds digit of m(-2)?
4
Let b be (186/21)/((-108)/28 + 4). Let v = -2 + 4. Suppose 4*m - r - r = 124, v*m - b = 4*r. What is the tens digit of m?
3
Suppose -10 = -5*i + 3*i. Suppose -i*q = -8*o + 11*o - 559, 0 = -5*o + q + 885. What is the tens digit of o?
7
Suppose 0 = -3*y + 3*t + 9615 - 1143, -y + 5*t + 2844 = 0. What is the tens digit of y?
1
What is the tens digit of (-1 - 12) + -91 + 2156?
5
Let d = 23 - 19. Suppose -d*n = -5*r + n + 250, -2*r + 3*n + 104 = 0. What is the tens digit of r?
4
Suppose o + 7*o = 3400. Suppose 5*f = -2*u + o, 0 = -5*f + 5*u + 373 + 52. What is the units digit of f?
5
Let t(m) = -122*m - 2. What is the hundreds digit of t(-3)?
3
Let l be ((-79)/(-3))/(2/6). Let p = -104 - -60. Let q = p + l. What is the tens digit of q?
3
Let o(x) = -9*x + 1. Let w be o(-3). Let p(n) = -n**3 - 6*n**2 + 4*n + 13. Let a be p(-6). Let i = a + w. What is the tens digit of i?
1
Let i(f) be the second derivative of 17*f**3/6 + 5*f**2/2 + 7*f. What is the units digit of i(4)?
3
Let y = 50 + -47. Suppose 209 = 2*i + 5*c, 7*i + y*c + 457 = 11*i. What is the tens digit of i?
1
Let v(i) = 60*i**3 + 1 - 113*i**3 + 0. What is the tens digit of v(-1)?
5
Let m be 2/4*2 - -3. Suppose -3*x - m*c = -0*x - 20, -c + 5 = -4*x. What is the units digit of (-5)/(-15)*(18 + x)?
6
Let j(x) = -x**2 + 6*x - 2. Let o be j(5). Suppose -4*q + q - o*r = 0, -2*r = -3*q. Suppose -n - 3*n + 28 = q. What is the units digit of n?
7
Suppose 2*l + 557 - 2957 = 5*v, -5*l + 6029 = 2*v. What is the thousands digit of l?
1
Let s = 96 - 36. Suppose 0 = 3*l + 3*t - 4*t - 206, l = -4*t + s. What is the units digit of l?
8
Let p(h) = 51*h**2 + 10*h + 8. What is the units digit of p(6)?
4
Let h(p) = p**3 - 7*p**2 - 8*p - 8. Let m be h(13). Suppose 2*z = -0*x + 4*x - m, -4*z = -3*x + 669. What is the units digit of x?
7
Suppose 4752 = -348*s + 354*s. What is the tens digit of s?
9
Suppose c - 93 = 3*z, 3*z = 5*c - 60 - 21. Let y(t) = -9*t**3 - t**2 + 2*t - 1. Let l be y(-2). Let r = l + z. What is the tens digit of r?
3
Let b = 3032 - 1629. What is the hundreds digit of b?
4
Let l = 131 + -22. Let v = l - 30. What is the units digit of v?
9
Let l = 1230 + 1617. What is the thousands digit of l?
2
Let h(k) = -k**3 + 17*k**2 + 6*k - 23. Let y be 19 + (-9)/(45/10). What is the units digit of h(y)?
9
Let c = -89 - -95. Suppose -194 = c*n - 8*n. What is the tens digit of n?
9
Suppose 0 = -4*n + 8 + 8. Suppose -n = -k - 4*j, 0 = k + 2*j - 5 + 1. Suppose -k*y = -3*r - 31, -4*y - 4*r + 20 = -4. What is the units digit of y?
7
Let g(b) = -2*b. Let d be g(0). Suppose d = -u + 77 + 213. What is the hundreds digit of u?
2
Suppose 2*z - 3635 = -18*m + 17*m, 14525 = 4*m + 5*z. What is the thousands digit of m?
3
Let k(l) = -l**3 -